t -395830 (base 10) to base 14.
-a4378
2421544 (base 8) to base 9
1222364
What is -10d5cb (base 16) in base 4?
-10031113023
Convert 1423044 (base 6) to base 7.
455143
-211232301 (base 5) to base 7
-10336442
-194986 (base 10) to base 12
-94a0a
What is 1005521 (base 6) in base 12?
238a1
What is 12110214 (base 7) in base 4?
10013032032
What is -4674a9 (base 12) in base 2?
-100010100100000000001
Convert -25221510 (base 6) to base 15.
-110783
What is 4a364 (base 11) in base 6?
1314431
-e546 (base 15) to base 13
-19083
What is -110111001111100100 (base 2) in base 10?
-226276
Convert -3c4f6 (base 16) to base 4.
-330103312
-1377573 (base 13) to base 12
-208b059
What is 10222102201012 (base 3) in base 4?
20010100322
What is -357a0 (base 11) in base 5?
-3122120
Convert 26411036 (base 8) to base 12.
1b88026
What is -2b550b (base 13) in base 15?
-16194d
Convert 8a6092 (base 12) to base 5.
1031132434
What is -3152727 (base 8) in base 16?
-cd5d7
-bb3346 (base 12) to base 10
-2970918
What is -123323313 (base 4) in base 5?
-12130143
What is 2478142 (base 10) in base 15?
33e3e7
Convert -2532b7 (base 12) to base 9.
-1124524
Convert db75 (base 14) to base 4.
21100223
Convert -512a87 (base 11) to base 16.
-c9237
-11561 (base 8) to base 16
-1371
2060314 (base 7) to base 15
4e077
-60a137 (base 11) to base 7
-11220331
Convert d5a9 (base 16) to base 12.
277a1
-53322 (base 12) to base 2
-11010101100001010
Convert 114258 (base 9) to base 11.
47712
What is 330b2 (base 12) in base 5?
4130101
Convert -1200212122 (base 3) to base 15.
-9d98
What is -3a7541 (base 11) in base 4?
-2130020222
-110110100101101011 (base 2) to base 9
-370638
What is -9407588 (base 10) in base 5?
-4402020323
What is -48442 (base 11) in base 3?
-10112200001
9a655 (base 11) to base 9
242072
What is -120234543 (base 6) in base 2?
-1000100111110000011111
Convert -26254456 (base 8) to base 3.
-102000111021122
b0dea (base 15) to base 5
120410040
Convert 213398 (base 12) to base 14.
d9020
What is 2d24b (base 14) in base 3?
12201221211
Convert -1055320 (base 6) to base 8.
-152100
Convert -304457 (base 8) to base 12.
-4a2bb
What is 5330212 (base 6) in base 4?
333213200
Convert d7881 (base 15) to base 5.
133334141
Convert 58148 (base 9) to base 12.
1a522
What is -32311212 (base 4) in base 15?
-13019
-424301421 (base 5) to base 12
-724465
-11101001101101101101101 (base 2) to base 16
-74db6d
Convert 68071 (base 13) to base 11.
11a02a
891c (base 14) to base 11
16924
Convert -100010120 (base 5) to base 8.
-1374165
What is -65666 (base 14) in base 8?
-737352
Convert 11144122 (base 6) to base 13.
bbc79
-1046551 (base 8) to base 15
-58826
What is 689046 (base 10) in base 9?
1260166
What is 11148712 (base 9) in base 8?
24476641
Convert 690bd (base 14) to base 3.
110222021202
What is -2476689 (base 10) in base 6?
-125030053
Convert -414450 (base 9) to base 10.
-246042
289978 (base 10) to base 12
11b98a
What is -3435500 (base 6) in base 7?
-1332522
-208847 (base 11) to base 13
-b8bc7
-51430300 (base 6) to base 14
-2a7c4c
-91740 (base 10) to base 12
-45110
Convert 1022012101022 (base 3) to base 2.
10101001001001011100
-23312130 (base 6) to base 14
-14c2a2
Convert -12134050 (base 6) to base 13.
-1067b5
What is 1140be6 (base 16) in base 13?
3995530
Convert -58aa6 (base 15) to base 6.
-10020003
What is -3176053 (base 8) in base 11?
-5313a5
10eb4e (base 15) to base 9
1462872
Convert -4512015 (base 9) to base 3.
-11120102000112
What is 400102044 (base 5) in base 16?
17e4cb
What is -232230 (base 6) in base 9?
-30340
Convert 10121110210 (base 3) to base 15.
160c3
What is 3071a (base 12) in base 11?
4356a
-11010000010110110 (base 2) to base 5
-11403203
45213511 (base 6) to base 16
14ea53
4b58a7 (base 13) to base 14
3523d7
What is 202437 (base 9) in base 13?
42772
Convert -1031661 (base 7) to base 8.
-365134
What is 34c93a (base 13) in base 7?
13450655
Convert -a75911 (base 16) to base 9.
-22565283
1682272 (base 9) to base 2
11100101011110000100
-1501104 (base 6) to base 12
-41794
777073 (base 9) to base 14
c1383
What is -622453 (base 8) in base 15?
-41118
Convert 5584065 (base 10) to base 12.
1a53629
What is a67c8 (base 14) in base 4?
1202023330
Convert 1053333 (base 7) to base 9.
218443
What is 3126682 (base 9) in base 10?
1671428
-23564310 (base 8) to base 4
-103232203020
1021011 (base 5) to base 6
210422
1881204 (base 9) to base 14
1d73d6
What is 279397 (base 10) in base 9?
465231
Convert 49578d (base 14) to base 3.
11201122011120
-11d54 (base 14) to base 10
-43782
1676878 (base 10) to base 9
3135217
-25402071 (base 8) to base 9
-11541670
What is 100101120002 (base 3) in base 10?
184844
-2c54980 (base 13) to base 14
-1c73916
201788 (base 11) to base 9
543857
What is 41055413 (base 6) in base 5?
300032423
What is 1445728 (base 9) in base 3?
1111112210222
2055835 (base 10) to base 15
2a920a
-20cc13 (base 15) to base 14
-2c9332
What is 4d8cab (base 15) in base 13?
a0593b
-3578145 (base 13) to base 6
-1350453433
-201020321 (base 4) to base 2
-100001001000111001
Convert 18853 (base 13) to base 11.
32804
What is -8c1cf (base 16) in base 2?
-10001100000111001111
What is 130000032 (base 5) in base 9?
1152323
Convert c8309 (base 13) to base 10.
360824
Convert -1352789 (base 10) to base 9.
-2481608
Convert -83b7 (base 16) to base 2.
-1000001110110111
What is -1220230031 (base 4) in base 3?
-210210012222
Convert -21254540 (base 6) to base 8.
-2315574
Convert -8a268 (base 13) to base 6.
-5213254
Convert -82638 (base 10) to base 14.
-2218a
340028 (base 10) to base 4
1103000330
-36d9b9 (base 14) to base 5
-440202232
What is 2100200033 (base 4) in base 10?
591887
-1010101000101000111110 (base 2) to base 11
-1634657
-20002014310 (base 5) to base 2
-1001010101000010010111001
-15b8239 (base 14) to base 13
-2294950
What is 2530a (base 15) in base 8?
350032
Convert 14c9945 (base 13) to base 3.
110120011211122
Convert 358170 (base 9) to base 4.
310231320
What is 2117863 (base 9) in base 16?
114edc
-a432c (base 13) to base 11
-191660
What is -10675 (base 14) in base 13?
-150b6
272030 (base 12) to base 15
cb773
-11434634 (base 7) to base 14
-1c6a54
1129620 (base 10) to base 13
30721b
Convert 220122111 (base 5) to base 13.
26cab7
Convert 5403 (base 13) to base 16.
2d90
Convert 13222454 (base 6) to base 4.
1223012002
-18000b (base 13) to base 10
-599792
Convert 52548 (base 13) to base 3.
21112011100
What is 17a188 (base 14) in base 13?
232aa9
-16494 (base 11) to base 7
-124452
What is 33c735 (base 15) in base 8?
11334275
-48597 (base 13) to base 7
-1062066
-101a43a (base 12) to base 5
-1233241442
100220201020221 (base 3) to base 6
304535211
What is -302334223 (base 5) in base 3?
-2021201120201
Convert 5011e6 (base 15) to base 12.
1333583
-281a52 (base 11) to base 3
-211110002000
-14e8fa (base 16) to base 3
-2120121210011
-122222211022 (base 3) to base 7
-3003362
What is -110000111111110010 (base 2) in base 9?
-335258
-13100300 (base 5) to base 7
-1042522
What is -41302113 (base 6) in base 5?
-301041310
-115541315 (base 7) to base 3
-111200101120022
What is 13287081 (base 9) in base 13?
1485961
-342010200 (base 5) to base 6
-52255524
What is 49956 (base 12) in base 9?
161873
-101222012222 (base 3) to base 13
-773a2
What is -10c95d5 (base 15) in base 9?
-24564732
1011100111000010001001 (base 2) to base 14
5931c5
-3129b3 (base 12) to base 13
-21059a
What is 6615124 (base 7) in base 8?
3057647
10300414 (base 5) to base 13
30b52
Convert -6353a (base 12) to base 2.
-11111110100111110
22010210323 (base 4) to base 14
4ca24b
2457605 (base 9) to base 8
5064205
Convert -10001010000110010111 (base 2) to base 16.
-8a197
Convert -46a164 (base 12) to base 10.
-1137244
Convert 131123300 (base 4) to base 2.
11101011011110000
What is -1100001000000001001010 (base 2) in base 15?
-42bbea
What is -2311700 (base 8) in base 15?
-c5e83
114365113 (base 7) to base 16
6cba25
Convert 1580a9 (base 12) to base 2.
1011001011110000001
What is -5003263 (base 7) in base 3?
-1002221112021
What is 321213431 (base 5) in base 2?
101001001110111001100
13101313221 (base 4) to base 6
104522133
Convert 635561 (base 8) to base 2.
110011101101110001
What is -58fa3 (base 16) in base 11?
-2298aa
4141815 (base 9) to base 15
2da818
Convert -347bce (base 16) to base 8.
-15075716
-9656d0 (bas